 of 140580 and 382932.
396
Calculate the highest common divisor of 473 and 177272359.
473
Calculate the greatest common divisor of 572 and 4569026.
22
Calculate the highest common divisor of 9287 and 1236133.
37
What is the greatest common divisor of 84351120 and 147?
21
Calculate the highest common factor of 15 and 79343395.
5
Calculate the highest common factor of 334065 and 1320.
15
What is the greatest common factor of 58344 and 1185206?
374
Calculate the greatest common factor of 1794452 and 29172.
748
What is the greatest common divisor of 31284 and 7752492?
396
What is the highest common factor of 52844209 and 2783?
121
Calculate the highest common divisor of 8628 and 233764875.
2157
What is the highest common factor of 65845329 and 471?
471
Calculate the greatest common factor of 4613504 and 31388.
532
What is the highest common factor of 2052 and 40152092?
76
Calculate the highest common factor of 6622558 and 2416.
302
What is the greatest common divisor of 21622 and 253601024?
1138
Calculate the highest common factor of 54352 and 688000.
688
What is the highest common divisor of 27598726 and 10754?
566
Calculate the highest common divisor of 20 and 251236430.
10
Calculate the greatest common factor of 5633805 and 3330.
555
Calculate the highest common factor of 1125214257 and 3781.
3781
Calculate the greatest common factor of 9620414 and 411.
137
Calculate the greatest common factor of 11935 and 37227435.
1085
What is the highest common factor of 68090637 and 232?
29
Calculate the greatest common factor of 54748462 and 464.
58
Calculate the highest common factor of 685490 and 58318.
26
Calculate the highest common divisor of 5075 and 31057985.
1015
What is the greatest common divisor of 33813 and 24076?
13
What is the greatest common divisor of 61583150 and 25?
25
What is the greatest common factor of 39161669 and 982?
491
Calculate the highest common factor of 56975 and 11912075.
1075
What is the greatest common divisor of 10101 and 70782369?
777
What is the highest common factor of 4267 and 1789908359?
4267
What is the highest common factor of 12522453 and 15?
3
Calculate the highest common divisor of 9 and 487867.
1
Calculate the greatest common divisor of 10959214 and 5517.
613
What is the greatest common divisor of 195 and 185145610?
65
What is the greatest common factor of 24683109 and 5225?
209
Calculate the highest common factor of 12445410 and 40.
10
Calculate the greatest common divisor of 6386 and 22015735.
3193
What is the highest common factor of 221 and 11412817?
13
Calculate the highest common factor of 77537 and 14161.
17
What is the greatest common factor of 10899108 and 544?
68
Calculate the greatest common factor of 38 and 206104457.
19
Calculate the highest common factor of 578169 and 404514.
2043
What is the highest common factor of 5806736 and 272?
16
Calculate the highest common factor of 2471304 and 7548.
444
What is the greatest common divisor of 19604 and 9917596?
676
Calculate the greatest common divisor of 294316712 and 316.
316
What is the greatest common factor of 4296696 and 264?
24
What is the greatest common divisor of 488970 and 3348?
54
What is the greatest common factor of 3313454 and 212?
106
What is the highest common factor of 211392 and 60112?
16
What is the highest common divisor of 5321 and 977568?
17
What is the highest common divisor of 249 and 183401697?
249
Calculate the greatest common divisor of 122646813 and 3.
3
Calculate the highest common factor of 228532 and 5270372.
2356
What is the greatest common divisor of 15678 and 457727049?
7839
Calculate the greatest common divisor of 14640 and 22584.
24
Calculate the greatest common factor of 3625 and 1173314625.
3625
What is the greatest common divisor of 120475062 and 162?
18
Calculate the greatest common factor of 504525615 and 3201.
3201
Calculate the greatest common factor of 424127796 and 128362.
9874
Calculate the highest common factor of 1457376 and 672.
96
Calculate the greatest common divisor of 3388 and 53553269.
847
What is the highest common divisor of 568802127 and 6159?
6159
What is the greatest common divisor of 1321192 and 13862?
478
Calculate the highest common divisor of 12495048 and 10508.
148
Calculate the highest common divisor of 2166 and 765678.
6
Calculate the greatest common divisor of 251364 and 84636.
12
What is the greatest common factor of 718682 and 19976?
454
What is the highest common factor of 1001 and 158937394?
77
What is the greatest common divisor of 250371138 and 12?
6
What is the highest common divisor of 4039759 and 97?
97
What is the greatest common divisor of 2898097 and 62?
31
What is the greatest common factor of 28696492 and 499?
499
Calculate the greatest common factor of 230403999 and 3206.
1603
What is the greatest common divisor of 10893052 and 36103?
457
What is the highest common factor of 202642 and 1243?
11
What is the highest common factor of 529794 and 1350?
54
Calculate the highest common factor of 10332 and 73993356.
1476
Calculate the greatest common factor of 175 and 1899290.
5
What is the greatest common divisor of 1722932 and 872064?
3028
Calculate the highest common factor of 1000784 and 40.
8
What is the highest common factor of 451789650 and 6318?
2106
What is the highest common factor of 368 and 238694?
46
What is the highest common divisor of 944 and 343262?
118
What is the highest common factor of 134062585 and 2469?
823
Calculate the greatest common divisor of 131337 and 38556.
9
Calculate the greatest common factor of 172 and 924457.
43
Calculate the greatest common divisor of 319581360 and 630.
630
What is the greatest common factor of 3118453 and 1261?
1261
Calculate the highest common factor of 16388 and 39100.
68
Calculate the greatest common factor of 64 and 58180648.
8
Calculate the greatest common divisor of 48297921 and 224.
7
Calculate the highest common factor of 137773 and 1452992.
311
Calculate the highest common factor of 42328 and 5020604.
148
Calculate the highest common factor of 7842032 and 2288.
176
Calculate the greatest common divisor of 470 and 95669910.
470
Calculate the greatest common factor of 8948 and 6910093.
2237
Calculate the highest common factor of 51573172 and 408.
68
Calculate the highest common factor of 16548760 and 208.
8
Calculate the highest common factor of 469821 and 3657.
69
What is the highest common divisor of 24246 and 1258996?
898
What is the highest common divisor of 20651025 and 1200?
75
Calculate the greatest common divisor of 14658882 and 4662.
1554
Calculate the highest common factor of 63848 and 1704.
8
What is the greatest common factor of 195 and 5692309350?
195
Calculate the highest common factor of 33907 and 38042.
827
What is the greatest common divisor of 5676255 and 2145?
195
Calculate the greatest common factor of 5370 and 23828480.
1790
Calculate the greatest common factor of 222188169 and 609.
609
What is the highest common divisor of 189650917 and 1094?
547
Calculate the highest common factor of 12 and 4936856.
4
Calculate the highest common factor of 701 and 2211772067.
701
What is the highest common factor of 126727 and 126374?
353
What is the highest common divisor of 916608 and 65100?
2604
Calculate the greatest common divisor of 260960 and 60960.
160
Calculate the highest common factor of 4092617180 and 20.
20
What is the greatest common divisor of 51361250 and 85?
85
What is the highest common factor of 461434 and 12844?
38
What is the highest common factor of 10670 and 22108460?
110
Calculate the highest common factor of 2159 and 1339723.
127
What is the highest common factor of 8552108 and 328?
164
Calculate the greatest common factor of 38272 and 787566.
598
Calculate the greatest common factor of 19 and 559174883.
19
What is the highest common factor of 827055 and 45?
45
Calculate the greatest common divisor of 70473 and 1367899.
1807
What is the highest common factor of 139672841 and 7623?
847
Calculate the greatest common divisor of 44278 and 11085744.
262
What is the highest common factor of 181581 and 6?
3
What is the greatest common factor of 104581 and 7245?
23
Calculate the greatest common factor of 1124 and 29054276.
1124
What is the highest common divisor of 56119 and 1001?
7
Calculate 